{"id":85246,"date":"2021-06-08T11:02:51","date_gmt":"2021-06-08T14:02:51","guid":{"rendered":"https:\/\/www.livrariarema.com.br\/loja\/produtos\/sem%20categoria\/mulheres-em-apuros-martha-peace\/"},"modified":"2026-03-16T13:41:18","modified_gmt":"2026-03-16T16:41:18","slug":"mulheres-em-apuros-martha-peace","status":"publish","type":"product","link":"https:\/\/www.livrariarema.com.br\/loja\/produtos\/promocao\/livros-promocao\/mulheres-em-apuros-martha-peace\/","title":{"rendered":"Mulheres Em Apuros &#8211; Martha Peace"},"content":{"rendered":"<p>Abordando assuntos que v\u00e3o desde a fofoca e a difama\u00e7\u00e3o at\u00e9 tens\u00e3o pr\u00e9-menstrual e legalismo, Martha Peace, autora do best-seller Esposa Excelente, oferece discernimento b\u00edblico sobre problemas que as mulheres enfrentam. Este livro claro e sincero oferece solu\u00e7\u00f5es pr\u00e1ticas em formato ideal para leitura pessoal ou em grupo de estudo.<\/p>\n","protected":false},"excerpt":{"rendered":"<p>Abordando assuntos que v\u00e3o desde a fofoca e a difama\u00e7\u00e3o at\u00e9 tens\u00e3o pr\u00e9-menstrual e legalismo, Martha Peace, autora do best-seller&hellip;<\/p>\n","protected":false},"featured_media":346352,"comment_status":"open","ping_status":"closed","template":"","meta":[],"product_cat":[143,142],"product_tag":[],"_links":{"self":[{"href":"https:\/\/www.livrariarema.com.br\/loja\/wp-json\/wp\/v2\/product\/85246"}],"collection":[{"href":"https:\/\/www.livrariarema.com.br\/loja\/wp-json\/wp\/v2\/product"}],"about":[{"href":"https:\/\/www.livrariarema.com.br\/loja\/wp-json\/wp\/v2\/types\/product"}],"replies":[{"embeddable":true,"href":"https:\/\/www.livrariarema.com.br\/loja\/wp-json\/wp\/v2\/comments?post=85246"}],"wp:featuredmedia":[{"embeddable":true,"href":"https:\/\/www.livrariarema.com.br\/loja\/wp-json\/wp\/v2\/media\/346352"}],"wp:attachment":[{"href":"https:\/\/www.livrariarema.com.br\/loja\/wp-json\/wp\/v2\/media?parent=85246"}],"wp:term":[{"taxonomy":"product_cat","embeddable":true,"href":"https:\/\/www.livrariarema.com.br\/loja\/wp-json\/wp\/v2\/product_cat?post=85246"},{"taxonomy":"product_tag","embeddable":true,"href":"https:\/\/www.livrariarema.com.br\/loja\/wp-json\/wp\/v2\/product_tag?post=85246"}],"curies":[{"name":"wp","href":"https:\/\/api.w.org\/{rel}","templated":true}]}}