{"id":88701,"date":"2021-06-30T13:54:06","date_gmt":"2021-06-30T16:54:06","guid":{"rendered":"https:\/\/www.livrariarema.com.br\/loja\/produtos\/sem%20categoria\/caneta-uni-ball-signo-sparkling-0-7mm-verde\/"},"modified":"2026-04-01T14:41:47","modified_gmt":"2026-04-01T17:41:47","slug":"caneta-uni-ball-signo-sparkling-0-7mm-verde","status":"publish","type":"product","link":"https:\/\/www.livrariarema.com.br\/loja\/produtos\/papelaria\/canetas\/caneta-uni-ball-signo-sparkling-0-7mm-verde\/","title":{"rendered":"Caneta &#8211; Uni Signo &#8211; Sparkling &#8211; Gel &#8211; 0.7Mm &#8211; Verde"},"content":{"rendered":"<p>Se o seu brilho pede glitter, ent\u00e3o vem de Sparkling. Nada daquele glitter perdido no meio da cor; com as Signo, glitter \u00e9 coisa s\u00e9ria! Se \u00e9 pra brilhar, a gente brilha mais que qualquer outra.<\/p>\n<p>Ponta: a\u00e7o inoxid\u00e1vel<br \/>\nTra\u00e7o: 0.7mm<br \/>\nTinta: gel anti-fraude<br \/>\n\u00c0 prova d`\u00e1gua<br \/>\nSecagem r\u00e1pida<br \/>\nEscreve em pap\u00e9is escuros<\/p>\n<p>Registro Inmetro: 009 522\/2013<\/p>\n","protected":false},"excerpt":{"rendered":"<p>Se o seu brilho pede glitter, ent\u00e3o vem de Sparkling. Nada daquele glitter perdido no meio da cor; com as&hellip;<\/p>\n","protected":false},"featured_media":338120,"comment_status":"open","ping_status":"closed","template":"","meta":[],"product_cat":[216,215],"product_tag":[],"_links":{"self":[{"href":"https:\/\/www.livrariarema.com.br\/loja\/wp-json\/wp\/v2\/product\/88701"}],"collection":[{"href":"https:\/\/www.livrariarema.com.br\/loja\/wp-json\/wp\/v2\/product"}],"about":[{"href":"https:\/\/www.livrariarema.com.br\/loja\/wp-json\/wp\/v2\/types\/product"}],"replies":[{"embeddable":true,"href":"https:\/\/www.livrariarema.com.br\/loja\/wp-json\/wp\/v2\/comments?post=88701"}],"wp:featuredmedia":[{"embeddable":true,"href":"https:\/\/www.livrariarema.com.br\/loja\/wp-json\/wp\/v2\/media\/338120"}],"wp:attachment":[{"href":"https:\/\/www.livrariarema.com.br\/loja\/wp-json\/wp\/v2\/media?parent=88701"}],"wp:term":[{"taxonomy":"product_cat","embeddable":true,"href":"https:\/\/www.livrariarema.com.br\/loja\/wp-json\/wp\/v2\/product_cat?post=88701"},{"taxonomy":"product_tag","embeddable":true,"href":"https:\/\/www.livrariarema.com.br\/loja\/wp-json\/wp\/v2\/product_tag?post=88701"}],"curies":[{"name":"wp","href":"https:\/\/api.w.org\/{rel}","templated":true}]}}