{"id":93600,"date":"2021-07-21T17:35:03","date_gmt":"2021-07-21T20:35:03","guid":{"rendered":"https:\/\/www.livrariarema.com.br\/loja\/produtos\/sem%20categoria\/biblia-nvt-especial-classica-virtuosa\/"},"modified":"2026-03-20T16:23:34","modified_gmt":"2026-03-20T19:23:34","slug":"biblia-nvt-especial-classica-virtuosa","status":"publish","type":"product","link":"https:\/\/www.livrariarema.com.br\/loja\/produtos\/biblias\/nvt\/biblia-nvt-especial-classica-virtuosa\/","title":{"rendered":"B\u00edblia &#8211; Nvt &#8211; Especial &#8211; Cl\u00e1ssica Virtuosa"},"content":{"rendered":"<p>Que tal uma vers\u00e3o b\u00edblica de f\u00e1cil entendimento, em uma linda edi\u00e7\u00e3o e com f\u00e1cil manuseio? <br \/>\nPois a nov\u00edssima B\u00edblia NVT \u00e9 tudo isso e muito mais. Desde que foi lan\u00e7ada, a Nova Vers\u00e3o Transformadora da B\u00edblia Sagrada agradou em cheio ao leitor brasileiro, e agora a GEOGR\u00c1FICA EDITORA a traz para voc\u00ea em formato bem mais fina que as b\u00edblias convencionais. <br \/>\nCom capa dura, cor na lombada e borda arredondada, a B\u00edblia NVT ser\u00e1 sua melhor companhia em todas as horas!<\/p>\n","protected":false},"excerpt":{"rendered":"<p>Que tal uma vers\u00e3o b\u00edblica de f\u00e1cil entendimento, em uma linda edi\u00e7\u00e3o e com f\u00e1cil manuseio? Pois a nov\u00edssima B\u00edblia&hellip;<\/p>\n","protected":false},"featured_media":325878,"comment_status":"open","ping_status":"closed","template":"","meta":[],"product_cat":[139,225],"product_tag":[],"_links":{"self":[{"href":"https:\/\/www.livrariarema.com.br\/loja\/wp-json\/wp\/v2\/product\/93600"}],"collection":[{"href":"https:\/\/www.livrariarema.com.br\/loja\/wp-json\/wp\/v2\/product"}],"about":[{"href":"https:\/\/www.livrariarema.com.br\/loja\/wp-json\/wp\/v2\/types\/product"}],"replies":[{"embeddable":true,"href":"https:\/\/www.livrariarema.com.br\/loja\/wp-json\/wp\/v2\/comments?post=93600"}],"wp:featuredmedia":[{"embeddable":true,"href":"https:\/\/www.livrariarema.com.br\/loja\/wp-json\/wp\/v2\/media\/325878"}],"wp:attachment":[{"href":"https:\/\/www.livrariarema.com.br\/loja\/wp-json\/wp\/v2\/media?parent=93600"}],"wp:term":[{"taxonomy":"product_cat","embeddable":true,"href":"https:\/\/www.livrariarema.com.br\/loja\/wp-json\/wp\/v2\/product_cat?post=93600"},{"taxonomy":"product_tag","embeddable":true,"href":"https:\/\/www.livrariarema.com.br\/loja\/wp-json\/wp\/v2\/product_tag?post=93600"}],"curies":[{"name":"wp","href":"https:\/\/api.w.org\/{rel}","templated":true}]}}