{"id":96855,"date":"2021-08-07T11:12:17","date_gmt":"2021-08-07T14:12:17","guid":{"rendered":"https:\/\/www.livrariarema.com.br\/loja\/produtos\/sem%20categoria\/lendo-por-ai-a-criacao\/"},"modified":"2026-03-25T14:16:45","modified_gmt":"2026-03-25T17:16:45","slug":"lendo-por-ai-a-criacao","status":"publish","type":"product","link":"https:\/\/www.livrariarema.com.br\/loja\/produtos\/livros\/infantil\/lendo-por-ai-a-criacao\/","title":{"rendered":"Lendo Por A\u00ed &#8211; A Cria\u00e7\u00e3o"},"content":{"rendered":"<p>Durante sete dias, Deus criou o Universo: a luz, o mar, os animais, o homem e a mulher&#8230; Descubra, com este livro, um pouco mais sobre essa grande e incr\u00edvel cria\u00e7\u00e3o de Deus.<\/p>\n","protected":false},"excerpt":{"rendered":"<p>Durante sete dias, Deus criou o Universo: a luz, o mar, os animais, o homem e a mulher&#8230; Descubra, com&hellip;<\/p>\n","protected":false},"featured_media":335718,"comment_status":"open","ping_status":"closed","template":"","meta":[],"product_cat":[144,134],"product_tag":[],"_links":{"self":[{"href":"https:\/\/www.livrariarema.com.br\/loja\/wp-json\/wp\/v2\/product\/96855"}],"collection":[{"href":"https:\/\/www.livrariarema.com.br\/loja\/wp-json\/wp\/v2\/product"}],"about":[{"href":"https:\/\/www.livrariarema.com.br\/loja\/wp-json\/wp\/v2\/types\/product"}],"replies":[{"embeddable":true,"href":"https:\/\/www.livrariarema.com.br\/loja\/wp-json\/wp\/v2\/comments?post=96855"}],"wp:featuredmedia":[{"embeddable":true,"href":"https:\/\/www.livrariarema.com.br\/loja\/wp-json\/wp\/v2\/media\/335718"}],"wp:attachment":[{"href":"https:\/\/www.livrariarema.com.br\/loja\/wp-json\/wp\/v2\/media?parent=96855"}],"wp:term":[{"taxonomy":"product_cat","embeddable":true,"href":"https:\/\/www.livrariarema.com.br\/loja\/wp-json\/wp\/v2\/product_cat?post=96855"},{"taxonomy":"product_tag","embeddable":true,"href":"https:\/\/www.livrariarema.com.br\/loja\/wp-json\/wp\/v2\/product_tag?post=96855"}],"curies":[{"name":"wp","href":"https:\/\/api.w.org\/{rel}","templated":true}]}}