{"id":97036,"date":"2021-08-07T13:43:22","date_gmt":"2021-08-07T16:43:22","guid":{"rendered":"https:\/\/www.livrariarema.com.br\/loja\/produtos\/sem%20categoria\/anne-anne-de-green-gables-lucy-maud-montgomery\/"},"modified":"2025-07-01T10:50:12","modified_gmt":"2025-07-01T13:50:12","slug":"anne-anne-de-green-gables-lucy-maud-montgomery","status":"publish","type":"product","link":"https:\/\/www.livrariarema.com.br\/loja\/produtos\/livros\/infantil\/anne-anne-de-green-gables-lucy-maud-montgomery\/","title":{"rendered":"Anne &#8211; Anne De Green Gables &#8211; Lucy Maud Montgomery"},"content":{"rendered":"<p>Os irm\u00e3os Mathew e Marilla Cuthbert moram em uma linda propriedade em Green Gables. Eles decidem adotar um garoto \u00f3rf\u00e3o para ajudar nos servi\u00e7os gerais, em troca de moradia. Qual n\u00e3o foi a surpresa dos dois ao receberem, em vez de um garoto, a ador\u00e1vel Anne, uma menina ruiva, sens\u00edvel e cheia de vida. Encante-se com essa hist\u00f3ria adaptada por Donaldo Buchweitz a partir do ador\u00e1vel cl\u00e1ssico de Anne Maud Montgomery, Anne de Green Gables.<\/p>\n","protected":false},"excerpt":{"rendered":"<p>Os irm\u00e3os Mathew e Marilla Cuthbert moram em uma linda propriedade em Green Gables. Eles decidem adotar um garoto \u00f3rf\u00e3o&hellip;<\/p>\n","protected":false},"featured_media":290978,"comment_status":"open","ping_status":"closed","template":"","meta":[],"product_cat":[144,134],"product_tag":[],"_links":{"self":[{"href":"https:\/\/www.livrariarema.com.br\/loja\/wp-json\/wp\/v2\/product\/97036"}],"collection":[{"href":"https:\/\/www.livrariarema.com.br\/loja\/wp-json\/wp\/v2\/product"}],"about":[{"href":"https:\/\/www.livrariarema.com.br\/loja\/wp-json\/wp\/v2\/types\/product"}],"replies":[{"embeddable":true,"href":"https:\/\/www.livrariarema.com.br\/loja\/wp-json\/wp\/v2\/comments?post=97036"}],"wp:featuredmedia":[{"embeddable":true,"href":"https:\/\/www.livrariarema.com.br\/loja\/wp-json\/wp\/v2\/media\/290978"}],"wp:attachment":[{"href":"https:\/\/www.livrariarema.com.br\/loja\/wp-json\/wp\/v2\/media?parent=97036"}],"wp:term":[{"taxonomy":"product_cat","embeddable":true,"href":"https:\/\/www.livrariarema.com.br\/loja\/wp-json\/wp\/v2\/product_cat?post=97036"},{"taxonomy":"product_tag","embeddable":true,"href":"https:\/\/www.livrariarema.com.br\/loja\/wp-json\/wp\/v2\/product_tag?post=97036"}],"curies":[{"name":"wp","href":"https:\/\/api.w.org\/{rel}","templated":true}]}}