{"id":98004,"date":"2021-08-12T09:51:36","date_gmt":"2021-08-12T12:51:36","guid":{"rendered":"https:\/\/www.livrariarema.com.br\/loja\/produtos\/sem%20categoria\/amigos-do-criador-noe-e-sua-arca\/"},"modified":"2025-10-30T11:30:51","modified_gmt":"2025-10-30T14:30:51","slug":"amigos-do-criador-noe-e-sua-arca","status":"publish","type":"product","link":"https:\/\/www.livrariarema.com.br\/loja\/produtos\/livros\/infantil\/amigos-do-criador-noe-e-sua-arca\/","title":{"rendered":"Amigos Do Criador &#8211; No\u00e9 E Sua Arca"},"content":{"rendered":"<p>Certo dia, No\u00e9 construiu uma grande uma arca a pedido de Deus para salvar os animais do dil\u00favio. Ser\u00e1 que todos ficaram seguros? Descubra o que acontece nesta hist\u00f3ria b\u00edblica especial.<\/p>\n","protected":false},"excerpt":{"rendered":"<p>Certo dia, No\u00e9 construiu uma grande uma arca a pedido de Deus para salvar os animais do dil\u00favio. Ser\u00e1 que&hellip;<\/p>\n","protected":false},"featured_media":330987,"comment_status":"open","ping_status":"closed","template":"","meta":[],"product_cat":[144,134],"product_tag":[],"_links":{"self":[{"href":"https:\/\/www.livrariarema.com.br\/loja\/wp-json\/wp\/v2\/product\/98004"}],"collection":[{"href":"https:\/\/www.livrariarema.com.br\/loja\/wp-json\/wp\/v2\/product"}],"about":[{"href":"https:\/\/www.livrariarema.com.br\/loja\/wp-json\/wp\/v2\/types\/product"}],"replies":[{"embeddable":true,"href":"https:\/\/www.livrariarema.com.br\/loja\/wp-json\/wp\/v2\/comments?post=98004"}],"wp:featuredmedia":[{"embeddable":true,"href":"https:\/\/www.livrariarema.com.br\/loja\/wp-json\/wp\/v2\/media\/330987"}],"wp:attachment":[{"href":"https:\/\/www.livrariarema.com.br\/loja\/wp-json\/wp\/v2\/media?parent=98004"}],"wp:term":[{"taxonomy":"product_cat","embeddable":true,"href":"https:\/\/www.livrariarema.com.br\/loja\/wp-json\/wp\/v2\/product_cat?post=98004"},{"taxonomy":"product_tag","embeddable":true,"href":"https:\/\/www.livrariarema.com.br\/loja\/wp-json\/wp\/v2\/product_tag?post=98004"}],"curies":[{"name":"wp","href":"https:\/\/api.w.org\/{rel}","templated":true}]}}